
349372
In base 14, what is 318 + -12450d?
-1241d5
In base 15, what is 2 - -751a67?
751a69
In base 9, what is 442828 + 54?
442883
In base 7, what is -204126304 - 20?
-204126324
In base 16, what is 143b47 - 65?
143ae2
In base 14, what is -5 - 2176a6?
-2176ab
In base 3, what is 0 - 22010111010020?
-22010111010020
In base 9, what is 3060 + 33085?
36155
In base 12, what is 17 + -469117?
-469100
In base 4, what is 310112 + 1000201?
1310313
In base 2, what is -11100010000000001001101 - -1?
-11100010000000001001100
In base 10, what is 8171366 - -4?
8171370
In base 3, what is 10212212001021102 - -2?
10212212001021111
In base 10, what is -1 - 978453?
-978454
In base 8, what is 2 + 65132456?
65132460
In base 10, what is -1046 + 84050?
83004
In base 7, what is -211052 - 13?
-211065
In base 11, what is -3506a1 + 5?
-350697
In base 3, what is -11112102 + -20202022?
-102021201
In base 4, what is 3000210000 + -1221?
3000202113
In base 12, what is -7 + -704570?
-704577
In base 11, what is 880440 + 5?
880445
In base 2, what is 10 - 100101001111111000100100?
-100101001111111000100010
In base 9, what is 2 + 15515113?
15515115
In base 4, what is 123001 + 21321?
210322
In base 7, what is -2000 - 43205?
-45205
In base 13, what is 27b3 - -3626?
6109
In base 10, what is 182183 - -673?
182856
In base 16, what is 143 - 19b426?
-19b2e3
In base 8, what is 47767 + 1326?
51315
In base 7, what is -10 - 5141111?
-5141121
In base 11, what is 268 - -121871?
122029
In base 4, what is 201100 + -102230?
32210
In base 14, what is -2846 - 25149?
-27991
In base 8, what is -2 + 2216372?
2216370
In base 4, what is 300023310033232 - -11?
300023310033303
In base 14, what is 93a7b - 471?
9360a
In base 4, what is -23112203 + -22030?
-23200233
In base 14, what is -2ca + 1a8120?
1a7c34
In base 2, what is -11001001 - 1101100000111?
-1101111010000
In base 16, what is -8cc821 - -1?
-8cc820
In base 7, what is 3535 + 246512?
253350
In base 7, what is 12 + 146635216?
146635231
In base 11, what is -678523 + -8?
-678530
In base 11, what is 1783899 + -5?
1783894
In base 6, what is 5533300 - -20?
5533320
In base 16, what is -41 - 2e09?
-2e4a
In base 13, what is -82b + 140b13?
1402b5
In base 5, what is -10 + 2030032114?
2030032104
In base 11, what is 0 - 3a6a9777?
-3a6a9777
In base 7, what is -220323250 + -4?
-220323254
In base 6, what is 241440 - -25150?
311030
In base 5, what is -4 + 34221143?
34221134
In base 10, what is 5000 + -1186?
3814
In base 9, what is 3045001 - 5?
3044885
In base 11, what is -25a10225 + -2?
-25a10227
In base 4, what is 0 - -100233332301?
100233332301
In base 14, what is 55 - -41c11?
41c66
In base 14, what is -91d0 + 277?
-8d57
In base 10, what is -61834892 + -1?
-61834893
In base 3, what is 10212010100100 - 2?
10212010100021
In base 13, what is 282 - -13c28?
141aa
In base 14, what is -4 + 6061678?
6061674
In base 10, what is -1 - 7067726?
-7067727
In base 13, what is -19a + 4a99a?
4a800
In base 9, what is 10450615 - 5?
10450610
In base 11, what is -512 - -657a?
6068
In base 13, what is -3 + -cb5606?
-cb5609
In base 4, what is 20120 - 3022033?
-3001313
In base 3, what is 11202 + 10002112000?
10002200202
In base 12, what is -3 - 8a9bb524?
-8a9bb527
In base 2, what is 1001100011010000111111 + -100?
1001100011010000111011
In base 15, what is 8204 - -68?
826c
In base 5, what is 1443410210 - 1?
1443410204
In base 5, what is 104 - -312041124?
312041233
In base 5, what is -323243 - 23040?
-401333
In base 16, what is 592 - -8240?
87d2
In base 6, what is -5344 + -3135412?
-3145200
In base 9, what is -17 - 304282?
-304310
In base 4, what is -30202012 - 113113?
-30321131
In base 8, what is 233 - -312145?
312400
In base 9, what is -676 + -60542?
-61328
In base 8, what is -2 + 454631462?
454631460
In base 9, what is 112 - -5471387?
5471510
In base 14, what is -4c + 57c?
530
In base 3, what is 22021020001120212 - 0?
22021020001120212
In base 15, what is -3c3 + -1569e?
-15a72
In base 2, what is -11 - -1001100111110110100111?
1001100111110110100100
In base 12, what is 69631841 - -5?
69631846
In base 11, what is -22a051 - -182?
-22997a
In base 8, what is 60604631 - 11?
60604620
In base 11, what is -1aa2 + 28a2?
900
In base 2, what is 11101000110110010100010 - -101?
11101000110110010100111
In base 8, what is -5 + -715707021?
-715707026
In base 10, what is -138411567 - -4?
-138411563
In base 11, what is -6695057 - -10?
-6695047
In base 9, what is -34126013 - 26?
-34126040
In base 7, what is -326415340 + 6?
-326415331
In base 11, what is -28010907 + -4?
-28010910
In base 9, what is 16885737 + -5?
16885732
In base 3, what is 112101220 - 21120?
112010100
In base 16, what is 39 - -2ddc69?
2ddca2
In base 11, what is -1051425 + 51?
-1051384
In base 3, what is 10 - 21021021201202112?
-21021021201202102
In base 6, what is -34 - 214221232?
-214221310
In base 12, what is -1962aa - 30?
-19631a
In base 15, what is -11c26ca + -2?
-11c26cc
In base 4, what is -3312303 - 2131?
-3321100
In base 14, what is 1 - -3323dc?
3323dd
In base 4, what is -1 + 1023303220102?
1023303220101
In base 10, what is -162 + -3879687?
-3879849
In base 5, what is -1121 + -1132222334?
-1132224010
In base 6, what is 3425534 - 5532?
3420002
In base 4, what is -2101 + 11321300031?
11321231330
In base 4, what is -23002210333 - -13?
-23002210320
In base 16, what is -68 + -7227?
-728f
In base 8, what is 4 - -3373752?
3373756
In base 11, what is -53 + -815628?
-815680
In base 14, what is 2a + 7a088?
7a0b4
In base 7, what is 21603 + -3606?
14664
In base 12, what is -b28 - -29b6?
1a8a
In base 10, what is 3 + 1699296?
1699299
In base 14, what is -321568 + 21?
-321547
In base 14, what is -3424 + 5a97?
2673
In base 5, what is -10 + 2032121201?
2032121141
In base 7, what is -6611525 - 15?
-6611543
In base 12, what is -16 - 394b0?
-39506
In base 7, what is 5504622365 - 5?
5504622360
In base 7, what is 2 + 211615250?
211615252
In base 5, what is 1 + 201023022?
201023023
In base 10, what is -92 + 458190?
458098
In base 16, what is -37 - 25c6b?
-25ca2
In base 12, what is -66 - 50?
-b6
In base 4, what is 210002 - 2012122?
-1202120
In base 2, what is -100110111000101 - 100110101?
-100111011111010
In base 7, what is 66 + -5543543?
-5543444
In base 4, what is 23 - -102212023230?
102212023313
In base 10, what is 1872130 + 449?
1872579
In base 7, what is -2 + -1266021545?
-1266021550
In base 12, what is -3558946b + -4?
-35589473
In base 6, what is 1423012513 - 2?
1423012511
In base 7, what is 114343 + 226631?
344304
In base 15, what is c - 40c7b8d?
-40c7b81
In base 12, what is -78a - -1386?
7b8
In base 12, what is 5a + 2b972?
2ba10
In base 16, what is ae6f + a?
ae79
In base 10, what is -4174 + 6156?
1982
In base 14, what is 3582499b + -5?
35824996
In base 14, what is 155 + 186?
2db
In base 2, what is -100111011101 - -110010010100?
1010110111
In base 12, what is -168 + -14097?
-14243
In base 8, what is 471324406 + 4?
471324412
In base 5, what is 23123 + -2211441?
-2133313
In base 14, what is 13220c - 27d?
131d6d
In base 2, what is -10111110100011101001 - 10?
-10111110100011101011
In base 15, what is -285a6a + -18?
-285a83
In base 8, what is -16 + 173016247?
173016231
In base 14, what is -c76a23 - -5?
-c76a1c
In base 10, what is -14 - -191306?
191292
In base 16, what is -13c027 + -2?
-13c029
In base 7, what is 0 - -2036465550?
2036465550
In base 8, what is 1 - -44307011?
44307012
In base 6, what is 3133501 + -102?
3133355
In base 8, what is -54615143 - -67?
-54615054
In base 2, what is 101011 + 100111001011101000?
100111001100010011
In base 15, what is -25 + 613ad?
61388
In base 7, what is -4535 + 40255?
32420
In base 15, what is 5 - -184ae951?
184ae956
In base 12, what is 23a0 - 4aaa?
-270a
In base 12, what is 211383b - 68?
2113793
In base 9, what is -2073460507 - 5?
-2073460513
In base 4, what is -3230 - -112303021?
112233131
In base 15, what is -3c - -c55c0?
c5583
In base 9, what is -234435 - -2338?
-232086
In base 14, what is 3ba + -91bd?
-8c03
In base 5, what is -3433 - 2001133?
-2010121
In base 10, what is 2 - 3081950?
-3081948
In base 14, what is -12c + -27771?
-2789d
In base 7, what is -1426203 + -10?
-1426213
In base 2, what is 101 - -10011000000111011110101?
10011000000111011111010
In base 11, what is -6670 + -174?
-6834
In base 7, what is 123